+ z + 5. What is j(3)?
-1
Let a(i) = 6*i**2 - 10*i + 2. Calculate a(2).
6
Let n(k) = -k**2 + 27*k - 139. Determine n(19).
13
Let h(v) = -2*v**2 - 50*v - 36. Determine h(-24).
12
Let m(g) = g**2 - 3*g + 10. Give m(0).
10
Let b(l) = -21*l + 5. What is b(1)?
-16
Let d(x) = -x + 16. Give d(0).
16
Let k(o) = o**3 + 18*o**2 - 16*o + 12. Calculate k(-19).
-45
Let g(d) = -d**2 - 9*d - 1. Give g(-8).
7
Let c(w) = 17*w + 3. What is c(2)?
37
Let s(b) = -b + 3. Calculate s(7).
-4
Let t(g) = 37*g. Give t(-1).
-37
Let h(v) = 10*v**3 + v**2 - 3*v + 2. Give h(1).
10
Let l(o) = -o**3 - 2*o**2 + 3*o + 1. Calculate l(-2).
-5
Let v(c) = -13*c - 29. Determine v(-3).
10
Let d(g) = -2*g**3 + g + 1. Calculate d(3).
-50
Let d(q) = 37*q - 419. Calculate d(12).
25
Let p(j) = -j**2 + 6*j + 6. Calculate p(7).
-1
Let r(y) = -y**3 - 17*y**2 - 16*y - 5. What is r(-16)?
-5
Let c(i) = -3*i. Give c(-2).
6
Let o(s) = -s**2 + 17*s - 35. Give o(15).
-5
Let y(r) = 28*r + 201. What is y(-7)?
5
Let a(x) = x**2 + 4. Calculate a(-4).
20
Let i(u) = -u**3 + 6*u**2 + 3*u - 37. Determine i(4).
7
Let k(r) = r**2 + 19*r + 17. Determine k(-14).
-53
Let x(r) = 20*r + 1178. Give x(-58).
18
Let k(r) = -r**2 - r + 5. Determine k(6).
-37
Let a(f) = -f**3 + 13*f**2 - 11*f + 26. Calculate a(12).
38
Let g(b) = 8*b + 161. Calculate g(-21).
-7
Let a(p) = -p**3 + 2*p**2 + 2*p - 3. What is a(4)?
-27
Let i(j) = j**2 - 7*j + 3. Calculate i(5).
-7
Let t(a) = a**3 - 6*a**2 - 7*a + 8. Determine t(7).
8
Let f(k) = -2*k - 2. Calculate f(-7).
12
Let x(a) = -2*a**2 - 2. Calculate x(3).
-20
Let x(a) = -a**3 - a**2 - 5*a + 8. Calculate x(2).
-14
Let u(w) = -2*w + 42. Determine u(-9).
60
Let w(y) = -5*y + 124. Calculate w(18).
34
Let c(m) = m**3 + m**2 + m + 6. Determine c(0).
6
Let i(k) = k**3 + 2*k**2 - 3*k. What is i(2)?
10
Let v(a) = a**2 - 5*a + 2. Calculate v(3).
-4
Let s(a) = 4*a**2 - 13*a + 13. What is s(4)?
25
Let y(v) = -v**2 + 9*v + 3. Determine y(8).
11
Let d(v) = -v - 14. What is d(-11)?
-3
Let x(t) = -3*t + 37. Calculate x(3).
28
Let a(t) = t - 28. Determine a(23).
-5
Let v(b) = -108*b - 861. Give v(-8).
3
Let h(a) = a**3 - 31*a**2 + 59*a - 38. Calculate h(29).
-9
Let t(b) = -6*b**2 + b + 1. Determine t(2).
-21
Let h(c) = 2*c**2 - 2*c + 4. What is h(4)?
28
Let r(d) = 2*d**3 - 8*d**2 + 3. Calculate r(4).
3
Let u(b) = 2*b**2 + 45*b - 10. Calculate u(-23).
13
Let s(r) = -r**3 - 2*r**2 + 9. Determine s(3).
-36
Let s(h) = -h**3 - 10*h**2 - 8*h. Calculate s(-9).
-9
Let d(f) = -3*f**2 + 41*f + 10. What is d(13)?
36
Let k(m) = -m**3 - 10*m**2 - 11*m + 3. Calculate k(-8).
-37
Let x(w) = -w - 1. Determine x(-14).
13
Let i(l) = l**3 + 10*l**2 - 12*l + 25. What is i(-11)?
36
Let k(s) = -s**3 + 3*s**2 - 4*s - 5. Give k(4).
-37
Let l(r) = r**3 + 2*r + 1. What is l(-1)?
-2
Let w(m) = 12*m - 105. Determine w(10).
15
Let x(q) = q**3 + 3*q**2 - 10*q + 5. Give x(-5).
5
Let h(t) = t**3 + 5*t**2 + 10*t. Give h(-3).
-12
Let o(g) = -g**2 + 1. What is o(7)?
-48
Let j(k) = -2*k**2 + 2*k + 23. Determine j(-5).
-37
Let h(c) = c**3 - 7*c**2 + c + 1. Give h(7).
8
Let o(q) = q - 6. Give o(-17).
-23
Let i(y) = y**3 + y**2 - 4*y + 6. Give i(-3).
0
Let t(o) = 24*o - 38. Give t(2).
10
Let n(u) = -2*u**2 - 2*u - 4. Determine n(-6).
-64
Let k(w) = -21*w - 128. Determine k(-6).
-2
Let c(s) = -14*s + 217. What is c(16)?
-7
Let u(g) = -g**3 + 15*g**2 + g - 9. Determine u(15).
6
Let k(b) = -b**2 + 8*b + 4. Give k(8).
4
Let a(g) = g**3 - 2*g**2 - 7*g - 10. Determine a(5).
30
Let i(a) = 25*a - 233. Determine i(9).
-8
Let k(s) = s**2 + 7*s + 3. What is k(-7)?
3
Let c(y) = -y**2 - 36*y - 188. What is c(-30)?
-8
Let l(c) = 19*c**2 + 2*c - 1. What is l(1)?
20
Let c(r) = -r**2 + 8. Give c(0).
8
Let p(d) = 22*d**2 + 2*d - 1. Calculate p(1).
23
Let k(b) = -b**2 + 11*b - 3. Give k(8).
21
Let g(s) = -9*s + 16. Calculate g(7).
-47
Let m(h) = -2*h**2 - 15*h - 16. Give m(-9).
-43
Let u(p) = p**2 - 22*p - 31. Give u(23).
-8
Let h(i) = -i - 9. Give h(-19).
10
Let i(n) = 3*n + 29. Calculate i(-12).
-7
Let o(t) = 11*t**3 + t**2 + 3*t + 2. What is o(-1)?
-11
Let v(j) = -3*j**3 - j**2. Give v(-1).
2
Let t(z) = -z - 7. Calculate t(3).
-10
Let a(o) = 16*o**3 - o. Give a(-1).
-15
Let p(h) = 6*h - 40. Give p(8).
8
Let g(y) = y + 5. Determine g(-9).
-4
Let f(c) = -c**3 + 3*c**2 + 3*c - 4. Determine f(-2).
10
Let d(p) = -p - 11. Determine d(-42).
31
Let d(a) = 5*a - 33. Give d(7).
2
Let o(b) = -30*b + 207. Give o(7).
-3
Let o(c) = -c**2 - 21*c + 5. What is o(-21)?
5
Let s(c) = -2*c + 3. Calculate s(-3).
9
Let i(a) = -2*a**2 + 13*a - 11. Give i(6).
-5
Let r(t) = 2*t - 27. Calculate r(0).
-27
Let h(c) = -c**2 + 27*c - 143. Calculate h(20).
-3
Let v(t) = t**3 + 6*t**2 + 5*t + 27. What is v(-6)?
-3
Let w(x) = x**2 + 31*x - 52. Calculate w(-33).
14
Let f(z) = -39*z**3 - z. Determine f(-1).
40
Let s(c) = -c**2 + 14*c - 5. Calculate s(13).
8
Let u(z) = z**3 - 8*z**2 - 12*z - 22. Give u(9).
-49
Let k(q) = -q**2 - 10*q + 753. Calculate k(-33).
-6
Let w(x) = -x**2 - 28*x + 130. Determine w(-32).
2
Let h(l) = -l**2 - 5*l - 3. What is h(-8)?
-27
Let r(d) = -5*d**3 - 2*d**2 + 2*d. Give r(1).
-5
Let j(v) = -36*v + 256. Give j(7).
4
Let r(w) = -116*w - 574. Calculate r(-5).
6
Let t(p) = p**2 - 5. Determine t(1).
-4
Let g(l) = 5*l - 5. Determine g(1).
0
Let n(w) = 5*w**2 + w - 3. Determine n(4).
81
Let o(i) = 22*i - 3. Give o(7).
151
Let q(b) = 11*b + 329. Determine q(-29).
10
Let m(n) = 4*n + 8. What is m(-8)?
-24
Let g(m) = -m**3 - m**2 + 20*m + 17. What is g(-5)?
17
Let y(n) = n**3 - 3*n**2 - 2*n + 4. Calculate y(5).
44
Let t(c) = -c**2 - 9*c + 7. Determine t(-12).
-29
Let q(i) = -5*i - 1. Calculate q(3).
-16
Let d(f) = -f**3 + f**2 + 11*f - 2. Give d(4).
-6
Let y(d) = 49*d**2 - 2*d - 8. Determine y(-2).
192
Let o(c) = c - 14. Give o(-6).
-20
Let t(i) = i**3 - 7*i**2 + 10*i - 19. Determine t(4).
-27
Let v(m) = m + 4. Calculate v(9).
13
Let g(t) = t**3 + t**2 - t - 16. Give g(0).
-16
Let x(f) = -f**2 - 4*f + 8. Give x(-5).
3
Let t(r) = 40*r - 164. What is t(4)?
-4
Let d(l) = -2*l**3 - 19*l**2 + 11*l + 34. Calculate d(-10).
24
Let s(t) = -t**2 + t + 9. Give s(4).
-3
Let n(b) = b**2 - 6*b - 7. Calculate n(7).
0
Let l(a) = -a**3 + 11*a**2 + a - 7. Calculate l(11).
4
Let i(y) = -8*y**3 - 2*y**2 - 7*y - 6. Determine i(-1).
7
Let b(f) = f**2 - 6*f - 8. Give b(-3).
19
Let l(k) = -k**3 - 14*k**2 - 12*k + 14. Determine l(-13).
1
Let r(m) = -9*m + 3. Give r(-8).
75
Let k(h) = 5*h**2 - 5*h - 2. Determine k(0).
-2
Let g(j) = 2*j - 1. Calculate g(10).
19
Let h(m) = m**3 + 3*m**2 + m - 6. Determine h(0).
-6
Let a(s) = s**3 + 28*s**2 + 26*s - 29. Calculate a(-27).
-2
Let z(g) = g**3 + 3*g**2 - 4*g. Give z(-4).
0
Let q(l) = 9*l - 5. What is q(2)?
13
Let u(j) = 2*j**2 + 32*j + 2. Give u(-16).
2
Let u(d) = -d**2 - 24*d - 24. What is u(-21)?
39
Let i(w) = -w**3 + 7*w**2 + 17*w + 5. Determine i(9).
-4
Let a(k) = 24*k + 3. Give a(2).
51
Let x(o) = 11*o**3 - 5*o**2 + 2. Calculate x(2).
70
Let a(s) = -15*s**2 - 900*s + 5. What is a(-60)?
5
Let c(a) = 2*a**3 + 12*a**2 + 2*a + 18. Give c(-6).
6
Let v(y) = 2*y - 16. Determine v(7).
-2
Let n(m) = 59*m + 62. Calculate n(-1).
3
Let x(r) = r**2 + 16*r + 8. Calculate x(-16).
8
Let f(j) = -j**3 - 9*j**2 - 12. Determine f(-9).
-12
Let d(r) = 12*r + 168. Calculate d(-15).
-12
Let s(t) = t**2 - 5*t + 6. What is s(6)?
12
Let x(d) = 3*d - 1. Determine x(2).
5
Let c(l) = -2*l**2 - l - 1. Determine c(-2).
-7
Let n(w) = w**2 + 31*w + 71. Give n(-3).
-13
Let q(a) = a**3 + a - 5. Calculate q(0).
-5
Let l(q) = -q + 2. Give l(6).
-4
Let c(o) = 16*o - 123. Determine c(8).
5
Let t(p) = p**3 - 17*p**2 + 23*p + 11. Give t(16).
123
Let p(v) = 8*v**3 + 5*v**2 + 10*v. Calculate p(-2).
-64
Let t(b) = -4*b - 2. What is t(1)?
-6
Let w(s) = -4*s - 22. Give w(-7).
6
Let c(t) = t**3 - 4*t**2 + 6*t + 2. Calculate c(5).
57
Let z(b) = 10*b - 1. Calculate z(-3).
-31
Let b(t) = t**3 + 6*t**2 - 2*t - 37. Determine b(-5).
-2
Let x(q) = -q**3 + 4*q**2 + 16*q - 8. Calculate x(-4).
56
Let y(s) = 2*s**2. Calculate y(-2).
8
Let s(q) = -q**3 - 3*q**2 + 35*q + 96. What is s(-6)?
-6
Let g(k) = -k**2 - 6*k + 32. Calculate g(3).
5
Let n(j) = 4*j - 68. Give n(19).
8
Let k(p) = p**2 + 24*p + 41. Calculate k(-22).
-3
Let c(i) = 8*i + 35. Determine c(-4).
3
Let q(w) = 2*w**2 + 39*w - 16. Calculate q(-2